{"id":7,"date":"2019-01-07T16:45:27","date_gmt":"2019-01-07T15:45:27","guid":{"rendered":"http:\/\/sassaroz.fr\/?page_id=7"},"modified":"2020-11-23T15:56:04","modified_gmt":"2020-11-23T14:56:04","slug":"accueil","status":"publish","type":"page","link":"https:\/\/sassaroz.fr\/","title":{"rendered":"Chalet au calme avec piscine chauff\u00e9e et vue sur les montagnes environnantes"},"content":{"rendered":"\n<p>Au milieu des Corbi\u00e8res, situ\u00e9e \u00e0 35 mn de Carcassonne (a\u00e9roport), 12 mn de Limoux, cette maison ind\u00e9pendante et reposante de 120 m\u00b2 avec piscine priv\u00e9e chauff\u00e9e (27\u00b0C), peut accueillir huit personnes confortablement.<\/p>\n","protected":false},"excerpt":{"rendered":"<p>Au milieu des Corbi\u00e8res, situ\u00e9e \u00e0 35 mn de Carcassonne (a\u00e9roport), 12 mn de Limoux, cette maison ind\u00e9pendante et reposante de 120 m\u00b2 avec piscine priv\u00e9e chauff\u00e9e (27\u00b0C), peut accueillir huit personnes confortablement.<\/p>\n","protected":false},"author":1,"featured_media":0,"parent":0,"menu_order":0,"comment_status":"closed","ping_status":"closed","template":"","meta":[],"_links":{"self":[{"href":"https:\/\/sassaroz.fr\/index.php\/wp-json\/wp\/v2\/pages\/7"}],"collection":[{"href":"https:\/\/sassaroz.fr\/index.php\/wp-json\/wp\/v2\/pages"}],"about":[{"href":"https:\/\/sassaroz.fr\/index.php\/wp-json\/wp\/v2\/types\/page"}],"author":[{"embeddable":true,"href":"https:\/\/sassaroz.fr\/index.php\/wp-json\/wp\/v2\/users\/1"}],"replies":[{"embeddable":true,"href":"https:\/\/sassaroz.fr\/index.php\/wp-json\/wp\/v2\/comments?post=7"}],"version-history":[{"count":9,"href":"https:\/\/sassaroz.fr\/index.php\/wp-json\/wp\/v2\/pages\/7\/revisions"}],"predecessor-version":[{"id":74,"href":"https:\/\/sassaroz.fr\/index.php\/wp-json\/wp\/v2\/pages\/7\/revisions\/74"}],"wp:attachment":[{"href":"https:\/\/sassaroz.fr\/index.php\/wp-json\/wp\/v2\/media?parent=7"}],"curies":[{"name":"wp","href":"https:\/\/api.w.org\/{rel}","templated":true}]}}